 12.
aa
6 (base 10) to base 8
6
165 (base 12) to base 8
335
Convert 0 (base 5) to base 11.
0
4 (base 6) to base 2
100
Convert -13 (base 8) to base 5.
-21
-1 (base 12) to base 15
-1
-15 (base 8) to base 3
-111
-1 (base 16) to base 8
-1
11101 (base 2) to base 10
29
-3 (base 11) to base 16
-3
-4 (base 7) to base 2
-100
-10001 (base 2) to base 14
-13
Convert 5 (base 10) to base 2.
101
-138 (base 10) to base 9
-163
0 (base 16) to base 15
0
What is 0 (base 7) in base 6?
0
69 (base 10) to base 12
59
Convert -5 (base 11) to base 2.
-101
What is -163 (base 7) in base 8?
-136
What is 0 (base 7) in base 3?
0
What is 2e (base 15) in base 13?
35
What is -c1 (base 15) in base 2?
-10110101
5 (base 11) to base 2
101
Convert 4 (base 13) to base 16.
4
What is -230 (base 11) in base 10?
-275
What is 163 (base 9) in base 12?
b6
Convert 3 (base 15) to base 11.
3
-118 (base 10) to base 13
-91
What is 11 (base 7) in base 6?
12
Convert -9 (base 12) to base 13.
-9
0 (base 7) to base 10
0
What is 3 (base 7) in base 16?
3
Convert -6 (base 12) to base 16.
-6
What is 9 (base 13) in base 4?
21
Convert -13 (base 13) to base 16.
-10
a1 (base 14) to base 5
1031
Convert 144 (base 6) to base 15.
44
What is -26 (base 13) in base 16?
-20
What is -20 (base 11) in base 9?
-24
-212 (base 4) to base 2
-100110
-12 (base 13) to base 3
-120
-24 (base 6) to base 3
-121
What is -1 (base 11) in base 7?
-1
What is 1 (base 3) in base 2?
1
What is 1 (base 8) in base 4?
1
Convert -104 (base 8) to base 4.
-1010
What is -1 (base 14) in base 11?
-1
-26 (base 9) to base 2
-11000
What is -87 (base 13) in base 8?
-157
Convert 7 (base 13) to base 5.
12
What is -9 (base 14) in base 12?
-9
-5 (base 16) to base 6
-5
Convert -32 (base 6) to base 15.
-15
What is 1023 (base 4) in base 13?
5a
3 (base 16) to base 2
11
Convert -2 (base 16) to base 7.
-2
What is -213 (base 5) in base 15?
-3d
What is -11 (base 2) in base 3?
-10
Convert 6 (base 14) to base 11.
6
6 (base 15) to base 10
6
Convert 224 (base 5) to base 6.
144
Convert -100111 (base 2) to base 13.
-30
What is -10 (base 3) in base 13?
-3
Convert 0 (base 13) to base 4.
0
Convert -8 (base 10) to base 12.
-8
30 (base 6) to base 14
14
-9 (base 11) to base 6
-13
Convert a (base 16) to base 3.
101
What is 32 (base 8) in base 13?
20
22 (base 3) to base 6
12
What is 101110 (base 2) in base 11?
42
Convert -10010 (base 2) to base 3.
-200
Convert 0 (base 12) to base 11.
0
What is -22 (base 4) in base 5?
-20
What is -19 (base 11) in base 9?
-22
db (base 16) to base 15
e9
Convert -4 (base 6) to base 7.
-4
Convert -20 (base 3) to base 8.
-6
Convert 22 (base 7) to base 12.
14
What is 3 (base 4) in base 3?
10
Convert 101 (base 2) to base 15.
5
Convert 3 (base 7) to base 12.
3
What is -3 (base 11) in base 5?
-3
145 (base 8) to base 13
7a
What is -20 (base 4) in base 5?
-13
-3 (base 11) to base 13
-3
What is 88 (base 11) in base 12?
80
Convert -44 (base 15) to base 3.
-2101
What is -1 (base 14) in base 6?
-1
Convert 6 (base 10) to base 14.
6
Convert -1 (base 3) to base 5.
-1
What is 133 (base 5) in base 14?
31
-2 (base 13) to base 11
-2
Convert -1001 (base 2) to base 12.
-9
What is 4 (base 13) in base 4?
10
Convert -1110 (base 2) to base 6.
-22
12 (base 5) to base 3
21
-12 (base 6) to base 10
-8
68 (base 10) to base 14
4c
-3 (base 5) to base 7
-3
15 (base 13) to base 7
24
What is 11 (base 2) in base 13?
3
Convert 0 (base 15) to base 11.
0
Convert -24 (base 12) to base 16.
-1c
Convert -10001 (base 2) to base 3.
-122
Convert 4 (base 8) to base 4.
10
Convert -17 (base 14) to base 2.
-10101
What is 75 (base 10) in base 8?
113
What is 112 (base 4) in base 13?
19
Convert a (base 15) to base 11.
a
Convert 82 (base 10) to base 4.
1102
Convert 5a (base 11) to base 3.
2102
Convert b (base 13) to base 7.
14
What is -11 (base 16) in base 9?
-18
Convert -1 (base 6) to base 4.
-1
Convert -d (base 16) to base 2.
-1101
What is -22 (base 5) in base 13?
-c
Convert -161 (base 11) to base 8.
-274
Convert 2 (base 11) to base 7.
2
What is -74 (base 9) in base 2?
-1000011
What is 7 (base 16) in base 8?
7
What is -21 (base 3) in base 11?
-7
Convert 63 (base 12) to base 14.
55
What is -84 (base 9) in base 13?
-5b
What is 5 (base 10) in base 13?
5
What is -31 (base 16) in base 5?
-144
What is d (base 14) in base 5?
23
What is -3 (base 8) in base 16?
-3
What is 118 (base 12) in base 8?
244
3 (base 14) to base 4
3
Convert 4 (base 16) to base 2.
100
What is -25 (base 12) in base 16?
-1d
Convert -4 (base 8) to base 2.
-100
What is 5 (base 11) in base 6?
5
What is -41 (base 7) in base 8?
-35
What is 10022 (base 3) in base 2?
1011001
What is -114 (base 8) in base 4?
-1030
What is -21 (base 10) in base 15?
-16
3 (base 11) to base 13
3
10 (base 2) to base 13
2
15 (base 9) to base 7
20
What is -22 (base 8) in base 11?
-17
What is -19 (base 16) in base 2?
-11001
-b3 (base 12) to base 5
-1020
Convert -1110 (base 3) to base 12.
-33
Convert 1523 (base 6) to base 9.
506
1 (base 14) to base 8
1
Convert -14 (base 5) to base 4.
-21
-115 (base 12) to base 13
-c5
-4 (base 8) to base 5
-4
What is -a (base 11) in base 2?
-1010
Convert -131 (base 4) to base 6.
-45
-1a (base 14) to base 8
-30
5 (base 8) to base 11
5
What is -111100 (base 2) in base 5?
-220
Convert -7 (base 11) to base 16.
-7
1 (base 5) to base 8
1
What is 20202 (base 3) in base 13?
110
5 (base 7) to base 3
12
-82 (base 12) to base 15
-68
Convert -144 (base 6) to base 9.
-71
57 (base 15) to base 2
1010010
Convert -46 (base 7) to base 8.
-42
Convert -1a (base 11) to base 9.
-23
4 (base 6) to base 12
4
Convert 0 (base 6) to base 12.
0
What is -b (base 15) in base 10?
-11
Convert -166 (base 8) to base 12.
-9a
Convert -12 (base 3) to base 4.
-11
Convert 4 (base 9) to base 10.
4
Convert 40 (base 7) to base 16.
1c
245 (base 7) to base 9
155
What is c (base 15) in base 16?
c
109 (base 12) to base 14
ad
What is ae (base 16) in base 8?
256
Convert 10212 (base 3) to base 14.
76
26 (base 7) to base 10
20
Convert -2 (base 4) to base 12.
-2
Convert 14 (base 7) to base 13.
b
-2103 (base 4) to base 8
-223
What is -5 (base 15) in base 2?
-101
What is 3 (base 14) in base 3?
10
What is 45 (base 15) in base 10?
65
-110 (base 2) to base 4
-12
11 (base 6) to base 3
21
-1 (base 6) to base 5
-1
What is 12 (base 14) in base 6?
24
What is 222 (base 6) in base 12?
72
-302 (base 4) to base 14
-38
-161 (base 7) to base 16
-5c
150 (base 9) to base 12
a6
Convert -20002 (base 3) to base 15.
-ae
What is -11 (base 7) in base 15?
-8
11 (base 16) to base 15
12
What is 13 (base 7) in base 3?
101
-1110 (base 2) to base 12
-12
What is -42 (base 8) in base 9?
-37
10 (base 3) to base 4
3
11022 (base 3) to base 2
1110100
-2201 (base 3) to base 6
-201
Convert 100 (base 3) to base 2.
1001
Convert -52 (base 9) to base 5.
-142
1 (base 11) to base 16
1
-38 (base 13) to base 9
-52
What is -1 (base 5) in base 3?
-1
Convert 112 (base 7) to base 16.
3a
What is -3 (base 12) in base 2?
-11
0 (base 11) to base 10
0
What is -150 (base 9) in base 14?
-90
What is -2 (base 14) in base 7?
-2
What is -151 (base 8) in base 4?
-1221
Convert 0 (base 4) to base 11.
0
Convert -c (base 13) to base 10.
-12
1 (base 6) to base 9
1
Convert 31 (base 7) to base 15.
17
What is 3 (base 12) in base 14?
3
What is 10 (base 14) in base 3?
112
Convert 0 (base 11) to base 13.
0
What is -52 (base 16) in base 13?
-64
Convert 24 (base 14) to base 8.
40
What is -3 (base 12) in base 4?
-3
-3 (base 14) to base 7
-3
-10 (base 2) to base 13
-2
-23 (base 10) to base 6
-35
Convert 12 (base 10) to base 14.
c
What is 2 (base 12) in base 4?
2
b (base 12) to base 16
b
67 (base 15) to base 5
342
0 (base 12) to base 15
0
2 (base 4) to base 7
2
Convert 1011 (base 4) to base 12.
59
Convert 1 (base 9) to base 12.
1
8 (base 9) to base 12
8
What is -5 (base 7) in base 12?
-5
3 (base 5) to base 13
3
What is -161 (base 10) in base 3?
-12222
What is 3 (base 13) in base 16?
3
Convert 6 (base 9) to base 11.
6
3 (base 15) to base 8
3
Convert -241 (base 5) to base 11.
-65
What is -3 (base 7) in base 9?
-3
What is -2 (base 8) in base 4?
-2
Convert -3 (base 10) to base 8.
-3
What is -10011 (base 2) in base 9?
-21
What is -2201 (base 4) in base 8?
-241
-1 (base 13) to base 6
-1
30a (base 11) to base 5
2443
What is -101 (base 5) in base 7?
-35
0 (base 12) 